*k**3/3 - 7*k**2. Give x(-3).
1
Let l(k) = 2*k**2 - 1. Let a be (-2)/((-4)/1)*-4. Calculate l(a).
7
Suppose 9 = 3*a + 3, 2 = -4*s + 3*a. Let x be (-14)/(-8) + (-2)/(-8). Let f(k) = 0 + 7 + k + s + k**x. Determine f(0).
8
Let g be (3/15)/((-4)/(-20)). Let m = -4 - -7. Let i(t) = -1 + t + m*t - t. Determine i(g).
2
Let w = 4 - 9. Let v(c) = c**3 + 4*c**2 - 8*c - 5. What is v(w)?
10
Let h(o) be the first derivative of 1/2*o**2 - o**3 + 1/4*o**4 + 2 + 2*o. Give h(2).
0
Suppose -5*t + 12 = 2*c - t, -19 = -4*c - 3*t. Let m(h) = 5 + h - c*h - 1 - h**3 + 7*h**2 - 5*h. Calculate m(6).
-8
Suppose -q - 20 = -5*s - 2, q - 2 = 0. Suppose 0 = -s*r + 20, -5 = -5*o + 2*r + 15. Let y(b) = -b**3 + 7*b**2 - 5*b. Calculate y(o).
6
Let m(a) = a**3 - a + 1. Let w(n) = n**3 - 2*n + 2. Let f(b) = 2*m(b) - w(b). What is f(-1)?
-1
Let i(a) be the third derivative of -a**7/840 + a**6/90 - a**5/120 + 5*a**4/24 - a**3/3 + 3*a**2. Let m(o) be the first derivative of i(o). Calculate m(4).
1
Let u(a) = -a**3 + 3*a**2 + 3*a + 5. Let d = 5 + -2. Let i = -3 - -19. Suppose d*b - i = -b. What is u(b)?
1
Let l(s) be the second derivative of 0 - 5/2*s**2 + 2*s - 1/12*s**4 - 5/6*s**3. Suppose 0 - 5 = m. Determine l(m).
-5
Let h(g) = -3 + 0*g - g**2 + 2*g + g + 2. Determine h(4).
-5
Let n(h) = h**3 + 4*h**2 + h + 1. Let o = -69 - -65. Determine n(o).
-3
Let l = -21 - -28. Let b(o) = o - 7. Determine b(l).
0
Let b(j) = j**3 + 5*j**2 + 4*j + 2. Let l be b(-4). Let h(q) = 1 - 2*q - l*q**2 - 5 + 3*q**2 - 3*q. What is h(5)?
-4
Let m = 5 + -2. Let y(i) = -i + 7. Calculate y(m).
4
Let n(j) = j - 5. Let k = 5 + 0. Suppose -w + 0*w = -k. Give n(w).
0
Let p(d) be the second derivative of 1/20*d**5 - 1/2*d**2 + 0*d**4 + 3*d + 0 + 0*d**3. Give p(-1).
-2
Let x(c) = c**3 - 4*c**2 - 2. Let o be 6/21 - 160/(-28). Let r = -2 + o. Give x(r).
-2
Let d(n) = 4*n**2 - 2*n + 3. Suppose -2*t - 4*c = 4, 3*c = -4*t - c. Calculate d(t).
15
Let y(c) be the third derivative of c**7/840 - c**6/90 - c**5/20 + c**4/24 - c**3/3 - 10*c**2. Let m(g) be the first derivative of y(g). Calculate m(5).
-4
Let c(d) = -d**3 + 3*d**2 - 2*d - 3. Let u(q) = -q**2 + q + 1. Let p(r) = c(r) - 3*u(r). Calculate p(5).
-6
Let s(u) = 2*u**2 + 4*u - 10. Let a(t) = t**2 + 4*t - 10. Let d(y) = 3*a(y) - 2*s(y). Let f(p) be the first derivative of d(p). Give f(-4).
12
Let x(s) = -3*s - 5*s**2 + s**3 + 4*s**2 - 2*s**2 + 3 + s. Let w be 18/8 - (-2)/(-8). What is x(w)?
-5
Let v(f) = -2*f + 2. Let b be 3/(1*-6)*10. Let k = 11 + b. Let y be 10/(-6) + (-2)/k. Give v(y).
6
Let y = -8 - -7. Let z(a) = -a**2 + a. Let t(h) = -h**2 + 9*h + 2. Let m(c) = y*t(c) + 2*z(c). What is m(-3)?
10
Let l(g) be the second derivative of -7*g**5/10 - g**4/12 - g**3/6 + g. Determine l(-1).
14
Suppose 9 = 3*h + 3*z, -h - 2*z = -0*h - 1. Let p = -10 + h. Let j(i) = i**2 + 6*i. What is j(p)?
-5
Suppose 4*c - 2*c = 0. Let v(p) = 7 - p + 5 - 4 - p**2. Determine v(c).
8
Suppose -p = -4*l - 1, 3 + 2 = 5*p + 5*l. Let s(z) = 8*z - 1. What is s(p)?
7
Let u(c) = 1 - c**3 + 2*c**2 - 1 + 3*c - 2. Let m(r) = -r - 3. Let j be m(-7). Let z(p) = -p**3 + 5*p**2 - 3*p - 2. Let b be z(j). What is u(b)?
4
Let s be ((-3)/(9/228))/(-2). Let c(a) = 41 + 2*a**2 - s - 3*a**2 - 5*a. What is c(-6)?
-3
Let v(m) = 8 + 8 + 15*m**2 - 19 + 2. What is v(-1)?
14
Let c(i) = -2*i**3 + 8*i**2 - 9*i - 1. Let n(o) = -o**3 + 4*o**2 - 5*o - 1. Let y(h) = 3*c(h) - 5*n(h). Calculate y(4).
-6
Let c(g) = g**2 + 7. Let i(t) = t - 1. Let n be i(4). Let q be (n - 4)*(1 + -2). Let u = q + -1. What is c(u)?
7
Let z = -16 - -18. Suppose z*j + 1 = -11. Let o(k) = k**3 + 6*k**2 + k + 2. What is o(j)?
-4
Let t(j) = j**2 - 6*j + 1. Suppose -2*a = a - 90. Suppose -2*g - 3*g + a = 0. Calculate t(g).
1
Let r(m) = -8*m + 4. Let p(t) = -t + 1. Suppose -w - 5*z = 2*w - 8, 4*w - z + 20 = 0. Let h(s) = w*p(s) + r(s). What is h(-1)?
4
Let x be 2/8 - 294/56. Let a(b) = -b**2 - 5*b + 7. Determine a(x).
7
Let h = -10 + 14. Let m(w) = -6*w + 5. Let n(o) = -2*o + 1. Let v be n(1). Let l(f) = f. Let d(z) = v*m(z) - 3*l(z). What is d(h)?
7
Let c = 0 - 2. Let i be 1/((-1)/c + 0). Suppose -i*r + 20 = 3*h, 3*r - 12 = r - h. Let k(d) = d**3 - 4*d**2 - 3*d + 6. Determine k(r).
-6
Suppose 0*d - 10 = -5*d. Let y(j) = 3*j + d*j - j**2 - 4*j - 2 + 5*j. Determine y(4).
6
Let d(u) be the first derivative of 7/2*u**2 + 7*u + 5 + 1/3*u**3. Give d(-5).
-3
Suppose 3*c = -q - c - 17, -12 = 4*c. Let w(g) = -g - 3. What is w(q)?
2
Let j(a) = 1 + 2 - 1 - a - 3. What is j(4)?
-5
Let y(l) = 5*l - 10. Let u(x) = x - 2. Let g(w) = 11*u(w) - 2*y(w). Let m be (-1)/((-2)/6) - 1. What is g(m)?
0
Suppose -3*q - 3 = 0, 6 - 3 = -2*j - 3*q. Suppose -2*x + 5*f + 28 = 0, x + 0*x + 4*f + 12 = j. Let g(z) = z + 1. Give g(x).
5
Let o(z) = z + 1. Let j = 32 - 36. Calculate o(j).
-3
Suppose 122*n = 117*n - 5. Let v(t) = 2*t**2 + t + 1. Calculate v(n).
2
Let v(t) be the first derivative of t**4/4 + 2*t**3/3 - t**2/2 - 2*t + 1. Determine v(-2).
0
Suppose -3 = l - 7. Suppose 4*a + 2 - 5 = 5*t, l*a = 4*t. Let c(g) be the second derivative of -g**5/20 - 5*g**4/12 - g**3/3 + 3*g**2/2 + 3*g. Give c(t).
-9
Suppose -2*c + 62 - 6 = 0. Suppose 4*a + 8 = c. Let t(v) = 1 + v**2 - a*v - 3 - 3. Give t(5).
-5
Suppose -4*x = -4, 4*t + 0*x + 3*x = -9. Let p(r) be the first derivative of -r**2 - 3*r - 6 - 1/3*r**3. Determine p(t).
-6
Let r(g) = g**2 + 3*g. Let l be (-1)/2 + (-55)/10. Determine r(l).
18
Let s(r) = -r. Let o be (60/(-50))/(2/(-10)). Let v be s(o). Let a(q) = -2*q - 5. Give a(v).
7
Suppose 5*g + 24 = -g. Let u(s) = s**3 + 2*s**2 - 2*s + 1. Give u(g).
-23
Let c(u) = -5 + 4 - u**3 - 2*u - 3*u + 5*u**2. Let p be c(4). Let f(y) = 3*y + 4*y**2 - 5 - 4*y**3 - y**2 + 3*y**2 + 5*y**3. What is f(p)?
5
Let g = -8 - -5. Let l be 0 - 2 - (g - 2). Suppose -f = l*f. Let o(z) = z**3 + z**2 - 5. Give o(f).
-5
Let k(v) be the third derivative of -v**4/24 + 3*v**3/2 + v**2. Suppose 2*a = a. Determine k(a).
9
Let o be -3 + 2 + (-9)/(-3). Let t(f) = -2*f**3 + 4*f**2 - 4*f + 2. What is t(o)?
-6
Let v(g) = 3*g**2 + 3*g + 3. Suppose x = -2*t + 14, -5*x + 4*t = -0*t - 28. Suppose 0 = -4*m - x. What is v(m)?
9
Let d(k) = -2*k**3 - 2*k**2 + 15*k - 15. Let z(w) = -w**3 - w**2 + 7*w - 7. Let m(r) = -6*d(r) + 13*z(r). Give m(0).
-1
Let p(b) be the second derivative of b**3/6 - b**2 + b. Suppose -7*f = 2*f - 2*f. Give p(f).
-2
Let m(c) = -c**2 + c + 17. Let u be m(-4). Let y(g) = -g**2 - 4*g - 1. Calculate y(u).
2
Let d(u) = 3*u + 1. Let i be 1 - (-3 + 1*-4). Suppose -3*k + 5*f - 8 = 0, 3 = -4*k + 4*f - 13. Let m = i + k. Determine d(m).
7
Let x(a) = -a**2 - 5*a - 5. Suppose 2*m = 12*m + 40. Determine x(m).
-1
Let i(p) be the second derivative of -5*p**4/12 - 17*p**3/6 - 3*p**2 + 2*p. Let z(l) = -2*l**2 - 8*l - 3. Let n(c) = -3*i(c) + 7*z(c). Calculate n(5).
-3
Let o(g) = 3 + 3 + g + 0. Let p(a) = a - 16. Let r be p(11). Calculate o(r).
1
Let b(z) = 9. Let f(j) = -2. Let g(h) = -6*b(h) - 26*f(h). Let r(x) = x - 4. Let u be r(6). Let w(q) = -q + 2. Let c(k) = u*w(k) + 3*g(k). Give c(2).
-6
Let b = 18 - 13. Let u(z) = 2 - b*z + 4*z + 0. Calculate u(5).
-3
Let u(c) be the second derivative of 0 + 1/24*c**4 + c**2 - 1/3*c**3 + 1/60*c**5 - c. Let o(a) be the first derivative of u(a). What is o(2)?
4
Let p(k) = 5*k - k**2 - 1 + 0 - 3. Suppose -2 = -4*b + 10. Give p(b).
2
Suppose 2*n + 10 = -0*n. Let f be (1*2)/(4 + n). Let p(g) = -g**3 - g**2 + 3*g + 1. Give p(f).
-1
Let n(h) = -h**3 + h**2 - h - 20. Suppose 0 = 3*f - 2*f + 2*f. Calculate n(f).
-20
Let c(k) = -4*k - 3. Let z(b) = -5*b - 3. Let j(u) = 6*c(u) - 5*z(u). Suppose -3*l + 23 - 5 = 0. Calculate j(l).
3
Let c(h) = -4*h + 8. Let n = 9 + -3. Calculate c(n).
-16
Let k(l) = -l**3 - 5*l**2 - 5*l - 4. Let o be k(-4). Let a be o - 1 - 3 - -4. Let s(i) = -i**3 + 12. Calculate s(a).
12
Let p(y) = -4*y**3 - 3*y**2 - 3. Let j be (24/28)/(1/(-7)). Let z(x) = -5*x**3 - 3*x**2 - 4. Let f(l) = j*p(l) + 5*z(l). Give f(3).
-2
Let d(i) = -8*i**3 - 11*i**2 + 6*i - 5. Let a(w) = -7*w**3 - 10*w**2 + 6*w - 4. Let s(l) = 7*a(l) - 6*d(l). What is s(-5)?
-3
Let j(u) = -3*u**2 + 0 - 1 - 3*u - 3 + 2*u**2. Determine j(-4).
-8
Let s(k) = 3*k + 6. Let r(i) = 6*i + 15. Let q(p) = -4*p - 10. Let x(d) = -7*q(d) - 5*r(d). Let u(y) = 3*s(y) + 4*x(y). Give u(-5).
-7
Let a(p) = p**2 - 4